 is the remainder when 2832158 is divided by 2831436?
722
Calculate the remainder when 250836996 is divided by 1392.
1380
What is the remainder when 4532528 is divided by 9?
2
What is the remainder when 15868983 is divided by 329?
326
Calculate the remainder when 3151636 is divided by 33175.
11
What is the remainder when 12415038 is divided by 91?
90
What is the remainder when 619618 is divided by 10314?
778
Calculate the remainder when 5964304 is divided by 1454.
1450
What is the remainder when 277771 is divided by 12?
7
What is the remainder when 28542 is divided by 1746?
606
What is the remainder when 43974 is divided by 14216?
1326
Calculate the remainder when 1478538 is divided by 248.
210
Calculate the remainder when 23508 is divided by 11476.
556
Calculate the remainder when 126440311 is divided by 6454.
6451
What is the remainder when 657361 is divided by 999?
19
Calculate the remainder when 7084010 is divided by 307989.
263
Calculate the remainder when 76373 is divided by 25456.
5
Calculate the remainder when 2141012 is divided by 184.
172
What is the remainder when 27065 is divided by 24992?
2073
What is the remainder when 17377391 is divided by 45?
11
Calculate the remainder when 4995921 is divided by 546.
21
What is the remainder when 11714 is divided by 9049?
2665
Calculate the remainder when 555037 is divided by 255.
157
What is the remainder when 14482226 is divided by 603426?
2
Calculate the remainder when 60290775 is divided by 30145382.
11
What is the remainder when 988038 is divided by 49300?
2038
Calculate the remainder when 1800153 is divided by 1800132.
21
What is the remainder when 25546994 is divided by 29432?
18
Calculate the remainder when 65274972 is divided by 1384.
1380
What is the remainder when 750269 is divided by 192?
125
What is the remainder when 117059 is divided by 94?
29
What is the remainder when 3378365 is divided by 1155?
1145
What is the remainder when 2658606 is divided by 2549?
2548
Calculate the remainder when 217736 is divided by 556.
340
What is the remainder when 91104 is divided by 45424?
256
Calculate the remainder when 2243762 is divided by 22437.
62
Calculate the remainder when 11433305 is divided by 105.
65
What is the remainder when 609805205 is divided by 584?
581
Calculate the remainder when 16324853 is divided by 715.
688
Calculate the remainder when 1109464 is divided by 554485.
494
What is the remainder when 1600219 is divided by 3792?
3787
What is the remainder when 340290 is divided by 79?
37
Calculate the remainder when 21571043 is divided by 15.
8
What is the remainder when 13235842 is divided by 462?
4
What is the remainder when 166973 is divided by 3144?
341
Calculate the remainder when 47062 is divided by 3267.
1324
Calculate the remainder when 1411052 is divided by 7201.
6857
What is the remainder when 62807048 is divided by 27?
26
What is the remainder when 9565347 is divided by 123?
6
What is the remainder when 522688 is divided by 911?
685
Calculate the remainder when 439799 is divided by 717.
278
Calculate the remainder when 678459 is divided by 71.
54
What is the remainder when 1211297 is divided by 430?
417
Calculate the remainder when 3329756 is divided by 16.
12
Calculate the remainder when 2645126 is divided by 249.
248
What is the remainder when 1506088 is divided by 65475?
163
Calculate the remainder when 2344645 is divided by 6406.
49
What is the remainder when 160657823 is divided by 26776302?
11
What is the remainder when 9666279 is divided by 2161?
126
Calculate the remainder when 7600194 is divided by 50.
44
Calculate the remainder when 276369 is divided by 73.
64
What is the remainder when 1933548 is divided by 10?
8
What is the remainder when 911408 is divided by 209?
168
Calculate the remainder when 135578 is divided by 443.
20
Calculate the remainder when 8140272 is divided by 1815.
1812
What is the remainder when 347773 is divided by 38?
35
Calculate the remainder when 75964663 is divided by 133.
117
Calculate the remainder when 282177 is divided by 6882.
15
What is the remainder when 39581637 is divided by 280?
277
What is the remainder when 165085 is divided by 1795?
1740
Calculate the remainder when 14376656 is divided by 13226.
13220
Calculate the remainder when 528232 is divided by 195.
172
What is the remainder when 9547533 is divided by 182?
177
What is the remainder when 6264671 is divided by 2558?
129
What is the remainder when 10539059 is divided by 432?
419
Calculate the remainder when 158819 is divided by 3105.
464
What is the remainder when 55727252 is divided by 1393181?
12
Calculate the remainder when 1067206 is divided by 67.
30
What is the remainder when 2789 is divided by 71?
20
What is the remainder when 1532901 is divided by 73?
47
What is the remainder when 653013 is divided by 139?
130
Calculate the remainder when 5491614 is divided by 1372851.
210
What is the remainder when 201676 is divided by 1292?
124
What is the remainder when 58597382 is divided by 4088?
4078
Calculate the remainder when 64837408 is divided by 22.
20
What is the remainder when 79170 is divided by 345?
165
Calculate the remainder when 104643 is divided by 10309.
1553
Calculate the remainder when 991577 is divided by 165192.
425
What is the remainder when 8531353 is divided by 2843779?
16
What is the remainder when 2269702 is divided by 756562?
16
What is the remainder when 517014 is divided by 1004?
958
What is the remainder when 3552932 is divided by 935?
867
What is the remainder when 361412 is divided by 2638?
6
Calculate the remainder when 765690 is divided by 382836.
18
Calculate the remainder when 82495695 is divided by 1839.
1833
What is the remainder when 1148243 is divided by 6561?
68
Calculate the remainder when 270764 is divided by 473.
208
What is the remainder when 768062 is divided by 308?
218
What is the remainder when 2298 is divided by 21?
9
What is the remainder when 8844230 is divided by 3832?
3806
Calculate the remainder when 21663 is divided by 645.
378
Calculate the remainder when 22830214 is divided by 664.
566
What is the remainder when 143094 is divided by 15894?
48
What is the remainder when 3087852 is divided by 1810?
1802
Calculate the remainder when 52791732 is divided by 48836.
16
What is the remainder when 11891039 is divided by 273?
251
Calculate the remainder when 116095054 is divided by 12.
10
Calculate the remainder when 4207429 is divided by 1947.
1909
Calculate the remainder when 2989812 is divided by 332200.
12
Calculate the remainder when 2202547 is divided by 2376.
2371
Calculate the remainder when 64375 is divided by 219.
208
What is the remainder when 215504 is divided by 48?
32
Calculate the remainder when 1879088 is divided by 1878895.
193
Calculate the remainder when 34981 is divided by 4948.
345
Calculate the remainder when 22543069 is divided by 22.
21
What is the remainder when 258639042 is divided by 651?
648
Calculate the remainder when 9152 is divided by 349.
78
Calculate the remainder when 2078714 is divided by 1120.
1114
What is the remainder when 9617 is divided by 4761?
95
What is the remainder when 495608826 is divided by 6442?
6440
Calculate the remainder when 93772 is divided by 217.
28
What is the remainder when 400694 is divided by 4451?
104
What is the remainder when 10217673 is divided by 1245?
1203
Calculate the remainder when 1030961 is divided by 4729.
39
Calculate the remainder when 53125457 is divided by 6.
5
Calculate the remainder when 24261495 is divided by 88.
71
Calculate the remainder when 112505 is divided by 2880.
185
Calculate the remainder when 12067465 is divided by 1282.
1281
What is the remainder when 126730 is divided by 8988?
898
What is the remainder when 4248762 is divided by 1795?
1792
Calculate the remainder when 8847176 is divided by 2949055.
11
Calculate the remainder when 1652551 is divided by 97208.
15
Calculate the remainder when 127945 is divided by 700.
545
Calculate the remainder when 315776 is divided by 951.
44
Calculate the remainder when 24181529 is divided by 4836305.
4
What is the remainder when 4419069 is divided by 156?
57
Calculate the remainder when 1030166181 is divided by 12.
9
What is the remainder when 1260435 is divided by 1260405?
30
What is the remai